{"id":487,"date":"2020-04-16T20:02:07","date_gmt":"2020-04-16T18:02:07","guid":{"rendered":"http:\/\/ateneu24dejuny.cat\/?page_id=487"},"modified":"2020-04-16T21:20:25","modified_gmt":"2020-04-16T19:20:25","slug":"serrallonga-dibuixant-la-llegenda","status":"publish","type":"page","link":"http:\/\/ateneu24dejuny.cat\/index.php\/serrallonga-dibuixant-la-llegenda\/","title":{"rendered":"Serrallonga, dibuixant la llegenda"},"content":{"rendered":"<h4 align=\"center\">Serrallonga, dibuixant la llegenda<\/h4>\n<p>L\u2019exposici\u00f3 \u201cSerrallonga, dibuixant la llegenda\u201d en realitat s\u00f3n tres activitats a l\u2019entorn de la figura del fam\u00f3s bandoler: una xerrada, l\u2019exposici\u00f3 i una caminada!<br \/>\nL\u2019exposici\u00f3 explica la relaci\u00f3 d\u2019en Serrallonga i els c\u00f2mics, que comen\u00e7a a principis del segle XX i acaba en l\u2019actualitat. El material que forma l\u2019exposici\u00f3 \u00e9s propietat de Ricard Dilm\u00e9, dibuixant i divulgador del bandoler.<br \/>\nEl mateix Dilm\u00e9 inaugurar\u00e0 l\u2019exposici\u00f3 el dia 16 de novembre amb una xerrada no nom\u00e9s sobre la relaci\u00f3 entre en Serrallonga i els c\u00f2mics sin\u00f3 amb un recorregut per la vida del bandoler.<br \/>\nPer acabar d\u2019arrodonir l\u2019exposici\u00f3, farem una caminada pel cor de les Guilleries. Ser\u00e0 una ruta guiada al mas on va viure el bandoler i el territori m\u00e9s fer\u00e9stec i salvatge de les Guilleries. Se sortir\u00e0 del santuari del Coll, per anar al cim de Sant Benet-coll de Serrallonga, al mas Serrallonga i tornar al santuari.<br \/>\n<\/br><\/p>\n<table>\n<tr>\n<td><a href=\"http:\/\/ateneu24dejuny.cat\/wp-content\/uploads\/2020\/04\/IMG-20191107-WA0010.jpg\" target=\" _blank\" rel=\"noopener noreferrer\"><img loading=\"lazy\" decoding=\"async\" src=\"http:\/\/ateneu24dejuny.cat\/wp-content\/uploads\/2020\/04\/IMG-20191107-WA0010-212x300.jpg\" alt=\"Serrallnga\" width=\"212\" height=\"300\" class=\"alignnone size-medium wp-image-484\" srcset=\"http:\/\/ateneu24dejuny.cat\/wp-content\/uploads\/2020\/04\/IMG-20191107-WA0010-212x300.jpg 212w, http:\/\/ateneu24dejuny.cat\/wp-content\/uploads\/2020\/04\/IMG-20191107-WA0010-724x1024.jpg 724w, http:\/\/ateneu24dejuny.cat\/wp-content\/uploads\/2020\/04\/IMG-20191107-WA0010-768x1086.jpg 768w, http:\/\/ateneu24dejuny.cat\/wp-content\/uploads\/2020\/04\/IMG-20191107-WA0010-1087x1536.jpg 1087w, http:\/\/ateneu24dejuny.cat\/wp-content\/uploads\/2020\/04\/IMG-20191107-WA0010-248x350.jpg 248w, http:\/\/ateneu24dejuny.cat\/wp-content\/uploads\/2020\/04\/IMG-20191107-WA0010.jpg 1170w\" sizes=\"auto, (max-width: 212px) 100vw, 212px\" \/><\/a><\/p>\n<td>\n<td><a href=\"http:\/\/ateneu24dejuny.cat\/wp-content\/uploads\/2020\/04\/IMG_20191116_185132-scaled.jpg\" target=\" _blank\" rel=\"noopener noreferrer\"><img loading=\"lazy\" decoding=\"async\" src=\"http:\/\/ateneu24dejuny.cat\/wp-content\/uploads\/2020\/04\/IMG_20191116_185132-300x225.jpg\" alt=\"\" width=\"300\" height=\"225\" class=\"alignnone size-medium wp-image-517\" srcset=\"http:\/\/ateneu24dejuny.cat\/wp-content\/uploads\/2020\/04\/IMG_20191116_185132-300x225.jpg 300w, http:\/\/ateneu24dejuny.cat\/wp-content\/uploads\/2020\/04\/IMG_20191116_185132-1024x768.jpg 1024w, http:\/\/ateneu24dejuny.cat\/wp-content\/uploads\/2020\/04\/IMG_20191116_185132-768x576.jpg 768w, http:\/\/ateneu24dejuny.cat\/wp-content\/uploads\/2020\/04\/IMG_20191116_185132-1536x1152.jpg 1536w, http:\/\/ateneu24dejuny.cat\/wp-content\/uploads\/2020\/04\/IMG_20191116_185132-2048x1536.jpg 2048w, http:\/\/ateneu24dejuny.cat\/wp-content\/uploads\/2020\/04\/IMG_20191116_185132-467x350.jpg 467w\" sizes=\"auto, (max-width: 300px) 100vw, 300px\" \/><\/a><\/p>\n<td>\n<td><a href=\"http:\/\/ateneu24dejuny.cat\/wp-content\/uploads\/2020\/04\/IMG_20191116_193919-scaled.jpg\" target=\" _blank\" rel=\"noopener noreferrer\"><img loading=\"lazy\" decoding=\"async\" src=\"http:\/\/ateneu24dejuny.cat\/wp-content\/uploads\/2020\/04\/IMG_20191116_193919-300x225.jpg\" alt=\"\" width=\"300\" height=\"225\" class=\"alignnone size-medium wp-image-518\" srcset=\"http:\/\/ateneu24dejuny.cat\/wp-content\/uploads\/2020\/04\/IMG_20191116_193919-300x225.jpg 300w, http:\/\/ateneu24dejuny.cat\/wp-content\/uploads\/2020\/04\/IMG_20191116_193919-1024x768.jpg 1024w, http:\/\/ateneu24dejuny.cat\/wp-content\/uploads\/2020\/04\/IMG_20191116_193919-768x576.jpg 768w, http:\/\/ateneu24dejuny.cat\/wp-content\/uploads\/2020\/04\/IMG_20191116_193919-1536x1152.jpg 1536w, http:\/\/ateneu24dejuny.cat\/wp-content\/uploads\/2020\/04\/IMG_20191116_193919-2048x1536.jpg 2048w, http:\/\/ateneu24dejuny.cat\/wp-content\/uploads\/2020\/04\/IMG_20191116_193919-467x350.jpg 467w\" sizes=\"auto, (max-width: 300px) 100vw, 300px\" \/><\/a><\/p>\n<td>\n  <\/tr>\n<\/table>\n","protected":false},"excerpt":{"rendered":"<p>Serrallonga, dibuixant la llegenda L\u2019exposici\u00f3 \u201cSerrallonga, dibuixant la llegenda\u201d en realitat s\u00f3n tres activitats a l\u2019entorn de la figura del fam\u00f3s bandoler: una xerrada, l\u2019exposici\u00f3 i una caminada! L\u2019exposici\u00f3 explica la relaci\u00f3 d\u2019en Serrallonga i els c\u00f2mics, que comen\u00e7a a principis del segle XX i acaba en l\u2019actualitat. El material &hellip;<\/p>\n","protected":false},"author":1,"featured_media":0,"parent":0,"menu_order":0,"comment_status":"closed","ping_status":"closed","template":"","meta":{"_mc_calendar":[],"footnotes":""},"class_list":["post-487","page","type-page","status-publish","hentry"],"aioseo_notices":[],"_links":{"self":[{"href":"http:\/\/ateneu24dejuny.cat\/index.php\/wp-json\/wp\/v2\/pages\/487","targetHints":{"allow":["GET"]}}],"collection":[{"href":"http:\/\/ateneu24dejuny.cat\/index.php\/wp-json\/wp\/v2\/pages"}],"about":[{"href":"http:\/\/ateneu24dejuny.cat\/index.php\/wp-json\/wp\/v2\/types\/page"}],"author":[{"embeddable":true,"href":"http:\/\/ateneu24dejuny.cat\/index.php\/wp-json\/wp\/v2\/users\/1"}],"replies":[{"embeddable":true,"href":"http:\/\/ateneu24dejuny.cat\/index.php\/wp-json\/wp\/v2\/comments?post=487"}],"version-history":[{"count":8,"href":"http:\/\/ateneu24dejuny.cat\/index.php\/wp-json\/wp\/v2\/pages\/487\/revisions"}],"predecessor-version":[{"id":522,"href":"http:\/\/ateneu24dejuny.cat\/index.php\/wp-json\/wp\/v2\/pages\/487\/revisions\/522"}],"wp:attachment":[{"href":"http:\/\/ateneu24dejuny.cat\/index.php\/wp-json\/wp\/v2\/media?parent=487"}],"curies":[{"name":"wp","href":"https:\/\/api.w.org\/{rel}","templated":true}]}}

<h4 align="center">Serrallonga, dibuixant la llegenda</h4>
<p>L’exposició “Serrallonga, dibuixant la llegenda” en realitat són tres activitats a l’entorn de la figura del famós bandoler: una xerrada, l’exposició i una caminada!<br />
L’exposició explica la relació d’en Serrallonga i els còmics, que comença a principis del segle XX i acaba en l’actualitat. El material que forma l’exposició és propietat de Ricard Dilmé, dibuixant i divulgador del bandoler.<br />
El mateix Dilmé inaugurarà l’exposició el dia 16 de novembre amb una xerrada no només sobre la relació entre en Serrallonga i els còmics sinó amb un recorregut per la vida del bandoler.<br />
Per acabar d’arrodonir l’exposició, farem una caminada pel cor de les Guilleries. Serà una ruta guiada al mas on va viure el bandoler i el territori més feréstec i salvatge de les Guilleries. Se sortirà del santuari del Coll, per anar al cim de Sant Benet-coll de Serrallonga, al mas Serrallonga i tornar al santuari.<br />
</br></p>
<table>
<tr>
<td><a href="http://ateneu24dejuny.cat/wp-content/uploads/2020/04/IMG-20191107-WA0010.jpg" target=" _blank" rel="noopener noreferrer"><img loading="lazy" decoding="async" src="http://ateneu24dejuny.cat/wp-content/uploads/2020/04/IMG-20191107-WA0010-212x300.jpg" alt="Serrallnga" width="212" height="300" class="alignnone size-medium wp-image-484" srcset="http://ateneu24dejuny.cat/wp-content/uploads/2020/04/IMG-20191107-WA0010-212x300.jpg 212w, http://ateneu24dejuny.cat/wp-content/uploads/2020/04/IMG-20191107-WA0010-724x1024.jpg 724w, http://ateneu24dejuny.cat/wp-content/uploads/2020/04/IMG-20191107-WA0010-768x1086.jpg 768w, http://ateneu24dejuny.cat/wp-content/uploads/2020/04/IMG-20191107-WA0010-1087x1536.jpg 1087w, http://ateneu24dejuny.cat/wp-content/uploads/2020/04/IMG-20191107-WA0010-248x350.jpg 248w, http://ateneu24dejuny.cat/wp-content/uploads/2020/04/IMG-20191107-WA0010.jpg 1170w" sizes="auto, (max-width: 212px) 100vw, 212px" /></a></p>
<td>
<td><a href="http://ateneu24dejuny.cat/wp-content/uploads/2020/04/IMG_20191116_185132-scaled.jpg" target=" _blank" rel="noopener noreferrer"><img loading="lazy" decoding="async" src="http://ateneu24dejuny.cat/wp-content/uploads/2020/04/IMG_20191116_185132-300x225.jpg" alt="" width="300" height="225" class="alignnone size-medium wp-image-517" srcset="http://ateneu24dejuny.cat/wp-content/uploads/2020/04/IMG_20191116_185132-300x225.jpg 300w, http://ateneu24dejuny.cat/wp-content/uploads/2020/04/IMG_20191116_185132-1024x768.jpg 1024w, http://ateneu24dejuny.cat/wp-content/uploads/2020/04/IMG_20191116_185132-768x576.jpg 768w, http://ateneu24dejuny.cat/wp-content/uploads/2020/04/IMG_20191116_185132-1536x1152.jpg 1536w, http://ateneu24dejuny.cat/wp-content/uploads/2020/04/IMG_20191116_185132-2048x1536.jpg 2048w, http://ateneu24dejuny.cat/wp-content/uploads/2020/04/IMG_20191116_185132-467x350.jpg 467w" sizes="auto, (max-width: 300px) 100vw, 300px" /></a></p>
<td>
<td><a href="http://ateneu24dejuny.cat/wp-content/uploads/2020/04/IMG_20191116_193919-scaled.jpg" target=" _blank" rel="noopener noreferrer"><img loading="lazy" decoding="async" src="http://ateneu24dejuny.cat/wp-content/uploads/2020/04/IMG_20191116_193919-300x225.jpg" alt="" width="300" height="225" class="alignnone size-medium wp-image-518" srcset="http://ateneu24dejuny.cat/wp-content/uploads/2020/04/IMG_20191116_193919-300x225.jpg 300w, http://ateneu24dejuny.cat/wp-content/uploads/2020/04/IMG_20191116_193919-1024x768.jpg 1024w, http://ateneu24dejuny.cat/wp-content/uploads/2020/04/IMG_20191116_193919-768x576.jpg 768w, http://ateneu24dejuny.cat/wp-content/uploads/2020/04/IMG_20191116_193919-1536x1152.jpg 1536w, http://ateneu24dejuny.cat/wp-content/uploads/2020/04/IMG_20191116_193919-2048x1536.jpg 2048w, http://ateneu24dejuny.cat/wp-content/uploads/2020/04/IMG_20191116_193919-467x350.jpg 467w" sizes="auto, (max-width: 300px) 100vw, 300px" /></a></p>
<td>
  </tr>
</table>

<p>Serrallonga, dibuixant la llegenda L’exposició “Serrallonga, dibuixant la llegenda” en realitat són tres activitats a l’entorn de la figura del famós bandoler: una xerrada, l’exposició i una caminada! L’exposició explica la relació d’en Serrallonga i els còmics, que comença a principis del segle XX i acaba en l’actualitat. El material &hellip;</p>
