{"id":494,"date":"2020-04-16T20:20:29","date_gmt":"2020-04-16T18:20:29","guid":{"rendered":"http:\/\/ateneu24dejuny.cat\/?page_id=494"},"modified":"2020-04-22T19:24:18","modified_gmt":"2020-04-22T17:24:18","slug":"debat-constituent","status":"publish","type":"page","link":"http:\/\/ateneu24dejuny.cat\/index.php\/debat-constituent\/","title":{"rendered":"Debat Constituent"},"content":{"rendered":"<h4 align=\"center\">Debat Constituent<\/h4>\n<p>El debat constituent \u00e9s un proc\u00e9s participatiu transversal, inclusiu i plural per establir les bases constitucionals per al futur pol\u00edtic de Catalunya.<br \/>\nEl novembre del 2018 el President de la Generalitat, Quim Torra, va crear el Consell Consell Assessor per a l\u2019impuls d&#8217;un F\u00f2rum C\u00edvic i Social pel Debat Constituent integrat per Llu\u00eds Llach, Marta Rovira Mart\u00ednez, Jordi Domingo Antonio Ba\u00f1os, Carmina Castellv\u00ed, Albano Dante Fachin, Jaume L\u00f3pez, \u00c0ngels Mart\u00ednez Castells, Albert Noguera, Montserrat Palau, Gabriela Serra, Bea Taleg\u00f3n, Ada Ferrer, Francina Alsina, Josep M. Ganyet, Emili Medan i Montserrat Castell\u00e0.<br \/>\nEl Debat Constituent es desenvolupa en 3 fases:<br \/>\nL\u2019Impuls, en la que es consolidaran les Enteses Territorials com a plataformes d\u2019entitats que dinamitzaran el projecte a cada territori i la celebraci\u00f3 de 7 Jornades Formatives tem\u00e0tiques a 7 ciutats diferents del pa\u00eds per presentar i donar eines per al debat de cada un dels 7 \u00e0mbits en qu\u00e8 s\u2019estructuraran les tem\u00e0tiques. Aquesta fase finalitzar\u00e0 el mes de febrer.<br \/>\nDe mar\u00e7 fins a juliol es desenvolupar\u00e0 la fase de Debats Ciutadans participatius, la fase troncal del projecte on tothom podr\u00e0 expressar la seva opini\u00f3 a trav\u00e9s dels debats que es convoquin arreu del territori. Els debats comptaran amb formularis de preguntes per a cada tema de debat i possibles respostes perqu\u00e8 cada participant esculli la opci\u00f3 que s\u2019ajusti a la seva opini\u00f3. Aix\u00f2 permetr\u00e0 poder processar i quantificar les opinions expressades. Tamb\u00e9 hi haur\u00e0 una opci\u00f3 lliure de resposta.<br \/>\nEl setembre de 2020 es convocar\u00e0 el F\u00f2rum C\u00edvic i Social que sintetitzar\u00e0 els resultats dels Debats participatius i els presentar\u00e0 solemnement al Parlament de Catalunya.<br \/>\nL\u2019Ateneu ha participat de moment en les dues primeres fases.<br \/>\n<\/br><br \/>\n<a href=\"https:\/\/www.debatconstituent.cat\/\" target=\" _blank\" rel=\"noopener noreferrer\">Debat Constituent<\/a><br \/>\n<a href=\"https:\/\/twitter.com\/dbatconstituent?lang=ca\" target=\" _blank\" rel=\"noopener noreferrer\">Twitter Debat Constituent<\/a><\/p>\n","protected":false},"excerpt":{"rendered":"<p>Debat Constituent El debat constituent \u00e9s un proc\u00e9s participatiu transversal, inclusiu i plural per establir les bases constitucionals per al futur pol\u00edtic de Catalunya. El novembre del 2018 el President de la Generalitat, Quim Torra, va crear el Consell Consell Assessor per a l\u2019impuls d&#8217;un F\u00f2rum C\u00edvic i Social pel &hellip;<\/p>\n","protected":false},"author":1,"featured_media":0,"parent":0,"menu_order":0,"comment_status":"closed","ping_status":"closed","template":"","meta":{"_mc_calendar":[],"footnotes":""},"class_list":["post-494","page","type-page","status-publish","hentry"],"aioseo_notices":[],"_links":{"self":[{"href":"http:\/\/ateneu24dejuny.cat\/index.php\/wp-json\/wp\/v2\/pages\/494","targetHints":{"allow":["GET"]}}],"collection":[{"href":"http:\/\/ateneu24dejuny.cat\/index.php\/wp-json\/wp\/v2\/pages"}],"about":[{"href":"http:\/\/ateneu24dejuny.cat\/index.php\/wp-json\/wp\/v2\/types\/page"}],"author":[{"embeddable":true,"href":"http:\/\/ateneu24dejuny.cat\/index.php\/wp-json\/wp\/v2\/users\/1"}],"replies":[{"embeddable":true,"href":"http:\/\/ateneu24dejuny.cat\/index.php\/wp-json\/wp\/v2\/comments?post=494"}],"version-history":[{"count":5,"href":"http:\/\/ateneu24dejuny.cat\/index.php\/wp-json\/wp\/v2\/pages\/494\/revisions"}],"predecessor-version":[{"id":542,"href":"http:\/\/ateneu24dejuny.cat\/index.php\/wp-json\/wp\/v2\/pages\/494\/revisions\/542"}],"wp:attachment":[{"href":"http:\/\/ateneu24dejuny.cat\/index.php\/wp-json\/wp\/v2\/media?parent=494"}],"curies":[{"name":"wp","href":"https:\/\/api.w.org\/{rel}","templated":true}]}}

<h4 align="center">Debat Constituent</h4>
<p>El debat constituent és un procés participatiu transversal, inclusiu i plural per establir les bases constitucionals per al futur polític de Catalunya.<br />
El novembre del 2018 el President de la Generalitat, Quim Torra, va crear el Consell Consell Assessor per a l’impuls d&#8217;un Fòrum Cívic i Social pel Debat Constituent integrat per Lluís Llach, Marta Rovira Martínez, Jordi Domingo Antonio Baños, Carmina Castellví, Albano Dante Fachin, Jaume López, Àngels Martínez Castells, Albert Noguera, Montserrat Palau, Gabriela Serra, Bea Talegón, Ada Ferrer, Francina Alsina, Josep M. Ganyet, Emili Medan i Montserrat Castellà.<br />
El Debat Constituent es desenvolupa en 3 fases:<br />
L’Impuls, en la que es consolidaran les Enteses Territorials com a plataformes d’entitats que dinamitzaran el projecte a cada territori i la celebració de 7 Jornades Formatives temàtiques a 7 ciutats diferents del país per presentar i donar eines per al debat de cada un dels 7 àmbits en què s’estructuraran les temàtiques. Aquesta fase finalitzarà el mes de febrer.<br />
De març fins a juliol es desenvoluparà la fase de Debats Ciutadans participatius, la fase troncal del projecte on tothom podrà expressar la seva opinió a través dels debats que es convoquin arreu del territori. Els debats comptaran amb formularis de preguntes per a cada tema de debat i possibles respostes perquè cada participant esculli la opció que s’ajusti a la seva opinió. Això permetrà poder processar i quantificar les opinions expressades. També hi haurà una opció lliure de resposta.<br />
El setembre de 2020 es convocarà el Fòrum Cívic i Social que sintetitzarà els resultats dels Debats participatius i els presentarà solemnement al Parlament de Catalunya.<br />
L’Ateneu ha participat de moment en les dues primeres fases.<br />
</br><br />
<a href="https://www.debatconstituent.cat/" target=" _blank" rel="noopener noreferrer">Debat Constituent</a><br />
<a href="https://twitter.com/dbatconstituent?lang=ca" target=" _blank" rel="noopener noreferrer">Twitter Debat Constituent</a></p>

<p>Debat Constituent El debat constituent és un procés participatiu transversal, inclusiu i plural per establir les bases constitucionals per al futur polític de Catalunya. El novembre del 2018 el President de la Generalitat, Quim Torra, va crear el Consell Consell Assessor per a l’impuls d&#8217;un Fòrum Cívic i Social pel &hellip;</p>
