{"id":503,"date":"2020-04-16T21:10:27","date_gmt":"2020-04-16T19:10:27","guid":{"rendered":"http:\/\/ateneu24dejuny.cat\/?page_id=503"},"modified":"2020-04-16T21:18:58","modified_gmt":"2020-04-16T19:18:58","slug":"postals-als-presos","status":"publish","type":"page","link":"http:\/\/ateneu24dejuny.cat\/index.php\/postals-als-presos\/","title":{"rendered":"Postals als presos"},"content":{"rendered":"<h4 align=\"center\">Campanyes de postals als presos pol\u00edtics<\/h4>\n<p>L\u2019Ateneu ha fet 2 campanyes d\u2019enviament de postals als presos pol\u00edtics: Dolors Bassa, Jordi Cuixart, Carme Forcadell, Joaquim Forn, Oriol Junqueras, Ra\u00fcl Romeva, Josep Rull, Jordi S\u00e0nchez i Jordi Turull.<\/p>\n<li>El Nadal de 2017, el primer Nadal a la pres\u00f3, destinada als presos que en aquell moment hi havia a la pres\u00f3:. En total es van fer 12 models de postals diferents amb motius nadalencs i amb la frase \u201cAquest Nadal no hi som tots\u201d, i se\u2019n van fer tres jocs de cada. Les postals les vam vendre al nostre local a preu de cost amb segell incl\u00f2s.<\/li>\n<li>Sant Jordi 2018. Aquest cop es van fer 40 models diferents amb motius de lla\u00e7os grocs i paisatges de Catalunya i Sant Jordi. En total es van enviar 360 postals!, que es van vendre a la parada que l\u2019Ateneu va muntar per Santi Jordi.<\/li>\n<p>Alguns presos van contestar. Aqu\u00ed en teniu el que ens van dir:<\/p>\n<table>\n<tr>\n<td><a href=\"http:\/\/ateneu24dejuny.cat\/wp-content\/uploads\/2020\/04\/Dolors-Bassa-20-e1587063587104.jpeg target=\" _blank\" rel=\"noopener noreferrer\"\"><img loading=\"lazy\" decoding=\"async\" src=\"http:\/\/ateneu24dejuny.cat\/wp-content\/uploads\/2020\/04\/Dolors-Bassa-20-e1587063587104-203x300.jpeg\" alt=\"\" width=\"203\" height=\"300\" class=\"alignnone size-medium wp-image-507\" srcset=\"http:\/\/ateneu24dejuny.cat\/wp-content\/uploads\/2020\/04\/Dolors-Bassa-20-e1587063587104-203x300.jpeg 203w, http:\/\/ateneu24dejuny.cat\/wp-content\/uploads\/2020\/04\/Dolors-Bassa-20-e1587063587104-691x1024.jpeg 691w, http:\/\/ateneu24dejuny.cat\/wp-content\/uploads\/2020\/04\/Dolors-Bassa-20-e1587063587104-768x1138.jpeg 768w, http:\/\/ateneu24dejuny.cat\/wp-content\/uploads\/2020\/04\/Dolors-Bassa-20-e1587063587104-1037x1536.jpeg 1037w, http:\/\/ateneu24dejuny.cat\/wp-content\/uploads\/2020\/04\/Dolors-Bassa-20-e1587063587104-236x350.jpeg 236w, http:\/\/ateneu24dejuny.cat\/wp-content\/uploads\/2020\/04\/Dolors-Bassa-20-e1587063587104.jpeg 1080w\" sizes=\"auto, (max-width: 203px) 100vw, 203px\" \/><\/a> <\/td>\n<td><a href=\"http:\/\/ateneu24dejuny.cat\/wp-content\/uploads\/2020\/04\/Dolors-Bassa-21-e1587063603867.jpeg target=\" _blank\" rel=\"noopener noreferrer\"\"><img loading=\"lazy\" decoding=\"async\" src=\"http:\/\/ateneu24dejuny.cat\/wp-content\/uploads\/2020\/04\/Dolors-Bassa-21-e1587063603867-215x300.jpeg\" alt=\"\" width=\"215\" height=\"300\" class=\"alignnone size-medium wp-image-508\" srcset=\"http:\/\/ateneu24dejuny.cat\/wp-content\/uploads\/2020\/04\/Dolors-Bassa-21-e1587063603867-215x300.jpeg 215w, http:\/\/ateneu24dejuny.cat\/wp-content\/uploads\/2020\/04\/Dolors-Bassa-21-e1587063603867-733x1024.jpeg 733w, http:\/\/ateneu24dejuny.cat\/wp-content\/uploads\/2020\/04\/Dolors-Bassa-21-e1587063603867-768x1073.jpeg 768w, http:\/\/ateneu24dejuny.cat\/wp-content\/uploads\/2020\/04\/Dolors-Bassa-21-e1587063603867-1099x1536.jpeg 1099w, http:\/\/ateneu24dejuny.cat\/wp-content\/uploads\/2020\/04\/Dolors-Bassa-21-e1587063603867-250x350.jpeg 250w, http:\/\/ateneu24dejuny.cat\/wp-content\/uploads\/2020\/04\/Dolors-Bassa-21-e1587063603867.jpeg 1145w\" sizes=\"auto, (max-width: 215px) 100vw, 215px\" \/><\/a> <\/td>\n<td><a href=\"http:\/\/ateneu24dejuny.cat\/wp-content\/uploads\/2020\/04\/jordi-Cuixart-Omnium-e1587063663775.jpeg target=\" _blank\" rel=\"noopener noreferrer\"\"><img loading=\"lazy\" decoding=\"async\" src=\"http:\/\/ateneu24dejuny.cat\/wp-content\/uploads\/2020\/04\/jordi-Cuixart-Omnium-e1587063663775-219x300.jpeg\" alt=\"\" width=\"219\" height=\"300\" class=\"alignnone size-medium wp-image-510\" srcset=\"http:\/\/ateneu24dejuny.cat\/wp-content\/uploads\/2020\/04\/jordi-Cuixart-Omnium-e1587063663775-219x300.jpeg 219w, http:\/\/ateneu24dejuny.cat\/wp-content\/uploads\/2020\/04\/jordi-Cuixart-Omnium-e1587063663775-746x1024.jpeg 746w, http:\/\/ateneu24dejuny.cat\/wp-content\/uploads\/2020\/04\/jordi-Cuixart-Omnium-e1587063663775-768x1054.jpeg 768w, http:\/\/ateneu24dejuny.cat\/wp-content\/uploads\/2020\/04\/jordi-Cuixart-Omnium-e1587063663775-1119x1536.jpeg 1119w, http:\/\/ateneu24dejuny.cat\/wp-content\/uploads\/2020\/04\/jordi-Cuixart-Omnium-e1587063663775-255x350.jpeg 255w, http:\/\/ateneu24dejuny.cat\/wp-content\/uploads\/2020\/04\/jordi-Cuixart-Omnium-e1587063663775.jpeg 1166w\" sizes=\"auto, (max-width: 219px) 100vw, 219px\" \/><\/a> <\/td>\n<\/tr>\n<\/table>\n","protected":false},"excerpt":{"rendered":"<p>Campanyes de postals als presos pol\u00edtics L\u2019Ateneu ha fet 2 campanyes d\u2019enviament de postals als presos pol\u00edtics: Dolors Bassa, Jordi Cuixart, Carme Forcadell, Joaquim Forn, Oriol Junqueras, Ra\u00fcl Romeva, Josep Rull, Jordi S\u00e0nchez i Jordi Turull. El Nadal de 2017, el primer Nadal a la pres\u00f3, destinada als presos que &hellip;<\/p>\n","protected":false},"author":1,"featured_media":0,"parent":0,"menu_order":0,"comment_status":"closed","ping_status":"closed","template":"","meta":{"_mc_calendar":[],"footnotes":""},"class_list":["post-503","page","type-page","status-publish","hentry"],"aioseo_notices":[],"_links":{"self":[{"href":"http:\/\/ateneu24dejuny.cat\/index.php\/wp-json\/wp\/v2\/pages\/503","targetHints":{"allow":["GET"]}}],"collection":[{"href":"http:\/\/ateneu24dejuny.cat\/index.php\/wp-json\/wp\/v2\/pages"}],"about":[{"href":"http:\/\/ateneu24dejuny.cat\/index.php\/wp-json\/wp\/v2\/types\/page"}],"author":[{"embeddable":true,"href":"http:\/\/ateneu24dejuny.cat\/index.php\/wp-json\/wp\/v2\/users\/1"}],"replies":[{"embeddable":true,"href":"http:\/\/ateneu24dejuny.cat\/index.php\/wp-json\/wp\/v2\/comments?post=503"}],"version-history":[{"count":3,"href":"http:\/\/ateneu24dejuny.cat\/index.php\/wp-json\/wp\/v2\/pages\/503\/revisions"}],"predecessor-version":[{"id":521,"href":"http:\/\/ateneu24dejuny.cat\/index.php\/wp-json\/wp\/v2\/pages\/503\/revisions\/521"}],"wp:attachment":[{"href":"http:\/\/ateneu24dejuny.cat\/index.php\/wp-json\/wp\/v2\/media?parent=503"}],"curies":[{"name":"wp","href":"https:\/\/api.w.org\/{rel}","templated":true}]}}

<h4 align="center">Campanyes de postals als presos polítics</h4>
<p>L’Ateneu ha fet 2 campanyes d’enviament de postals als presos polítics: Dolors Bassa, Jordi Cuixart, Carme Forcadell, Joaquim Forn, Oriol Junqueras, Raül Romeva, Josep Rull, Jordi Sànchez i Jordi Turull.</p>
<li>El Nadal de 2017, el primer Nadal a la presó, destinada als presos que en aquell moment hi havia a la presó:. En total es van fer 12 models de postals diferents amb motius nadalencs i amb la frase “Aquest Nadal no hi som tots”, i se’n van fer tres jocs de cada. Les postals les vam vendre al nostre local a preu de cost amb segell inclòs.</li>
<li>Sant Jordi 2018. Aquest cop es van fer 40 models diferents amb motius de llaços grocs i paisatges de Catalunya i Sant Jordi. En total es van enviar 360 postals!, que es van vendre a la parada que l’Ateneu va muntar per Santi Jordi.</li>
<p>Alguns presos van contestar. Aquí en teniu el que ens van dir:</p>
<table>
<tr>
<td><a href="http://ateneu24dejuny.cat/wp-content/uploads/2020/04/Dolors-Bassa-20-e1587063587104.jpeg target=" _blank" rel="noopener noreferrer""><img loading="lazy" decoding="async" src="http://ateneu24dejuny.cat/wp-content/uploads/2020/04/Dolors-Bassa-20-e1587063587104-203x300.jpeg" alt="" width="203" height="300" class="alignnone size-medium wp-image-507" srcset="http://ateneu24dejuny.cat/wp-content/uploads/2020/04/Dolors-Bassa-20-e1587063587104-203x300.jpeg 203w, http://ateneu24dejuny.cat/wp-content/uploads/2020/04/Dolors-Bassa-20-e1587063587104-691x1024.jpeg 691w, http://ateneu24dejuny.cat/wp-content/uploads/2020/04/Dolors-Bassa-20-e1587063587104-768x1138.jpeg 768w, http://ateneu24dejuny.cat/wp-content/uploads/2020/04/Dolors-Bassa-20-e1587063587104-1037x1536.jpeg 1037w, http://ateneu24dejuny.cat/wp-content/uploads/2020/04/Dolors-Bassa-20-e1587063587104-236x350.jpeg 236w, http://ateneu24dejuny.cat/wp-content/uploads/2020/04/Dolors-Bassa-20-e1587063587104.jpeg 1080w" sizes="auto, (max-width: 203px) 100vw, 203px" /></a> </td>
<td><a href="http://ateneu24dejuny.cat/wp-content/uploads/2020/04/Dolors-Bassa-21-e1587063603867.jpeg target=" _blank" rel="noopener noreferrer""><img loading="lazy" decoding="async" src="http://ateneu24dejuny.cat/wp-content/uploads/2020/04/Dolors-Bassa-21-e1587063603867-215x300.jpeg" alt="" width="215" height="300" class="alignnone size-medium wp-image-508" srcset="http://ateneu24dejuny.cat/wp-content/uploads/2020/04/Dolors-Bassa-21-e1587063603867-215x300.jpeg 215w, http://ateneu24dejuny.cat/wp-content/uploads/2020/04/Dolors-Bassa-21-e1587063603867-733x1024.jpeg 733w, http://ateneu24dejuny.cat/wp-content/uploads/2020/04/Dolors-Bassa-21-e1587063603867-768x1073.jpeg 768w, http://ateneu24dejuny.cat/wp-content/uploads/2020/04/Dolors-Bassa-21-e1587063603867-1099x1536.jpeg 1099w, http://ateneu24dejuny.cat/wp-content/uploads/2020/04/Dolors-Bassa-21-e1587063603867-250x350.jpeg 250w, http://ateneu24dejuny.cat/wp-content/uploads/2020/04/Dolors-Bassa-21-e1587063603867.jpeg 1145w" sizes="auto, (max-width: 215px) 100vw, 215px" /></a> </td>
<td><a href="http://ateneu24dejuny.cat/wp-content/uploads/2020/04/jordi-Cuixart-Omnium-e1587063663775.jpeg target=" _blank" rel="noopener noreferrer""><img loading="lazy" decoding="async" src="http://ateneu24dejuny.cat/wp-content/uploads/2020/04/jordi-Cuixart-Omnium-e1587063663775-219x300.jpeg" alt="" width="219" height="300" class="alignnone size-medium wp-image-510" srcset="http://ateneu24dejuny.cat/wp-content/uploads/2020/04/jordi-Cuixart-Omnium-e1587063663775-219x300.jpeg 219w, http://ateneu24dejuny.cat/wp-content/uploads/2020/04/jordi-Cuixart-Omnium-e1587063663775-746x1024.jpeg 746w, http://ateneu24dejuny.cat/wp-content/uploads/2020/04/jordi-Cuixart-Omnium-e1587063663775-768x1054.jpeg 768w, http://ateneu24dejuny.cat/wp-content/uploads/2020/04/jordi-Cuixart-Omnium-e1587063663775-1119x1536.jpeg 1119w, http://ateneu24dejuny.cat/wp-content/uploads/2020/04/jordi-Cuixart-Omnium-e1587063663775-255x350.jpeg 255w, http://ateneu24dejuny.cat/wp-content/uploads/2020/04/jordi-Cuixart-Omnium-e1587063663775.jpeg 1166w" sizes="auto, (max-width: 219px) 100vw, 219px" /></a> </td>
</tr>
</table>

<p>Campanyes de postals als presos polítics L’Ateneu ha fet 2 campanyes d’enviament de postals als presos polítics: Dolors Bassa, Jordi Cuixart, Carme Forcadell, Joaquim Forn, Oriol Junqueras, Raül Romeva, Josep Rull, Jordi Sànchez i Jordi Turull. El Nadal de 2017, el primer Nadal a la presó, destinada als presos que &hellip;</p>
