{"id":92,"date":"2020-02-12T20:30:28","date_gmt":"2020-02-12T19:30:28","guid":{"rendered":"http:\/\/ateneu24dejuny.cat\/?page_id=92"},"modified":"2021-08-17T09:39:08","modified_gmt":"2021-08-17T07:39:08","slug":"festival-soterrania","status":"publish","type":"page","link":"http:\/\/ateneu24dejuny.cat\/index.php\/festival-soterrania\/","title":{"rendered":"Festival Soterr\u00e0nia"},"content":{"rendered":"<h4 align=\"center\">Festival Soterr\u00e0nia<\/h4>\n<p>A proposta d\u2019Albert Mestres, s\u2019organitza un festival de m\u00fasica underground, aquella m\u00fasica i autors que no participen dels canals oficials i que es passegen per altres viaranys mig soterrats del panorama cultural. Hem descobert aut\u00e8ntiques joies i tamb\u00e9 propostes energ\u00e8tiques i brutals. N\u2019esperem con\u00e8ixer moltes m\u00e9s  i fer noves descobertes!<br \/>\nGRATU\u00cfT AMB TAQUILLA INVERSA<\/p>\n<li><a href=\"http:\/\/ateneu24dejuny.cat\/index.php\/soterrania_2021\/\">Edici\u00f3 2021<\/a><\/li>\n","protected":false},"excerpt":{"rendered":"<p>Festival Soterr\u00e0nia A proposta d\u2019Albert Mestres, s\u2019organitza un festival de m\u00fasica underground, aquella m\u00fasica i autors que no participen dels canals oficials i que es passegen per altres viaranys mig soterrats del panorama cultural. Hem descobert aut\u00e8ntiques joies i tamb\u00e9 propostes energ\u00e8tiques i brutals. N\u2019esperem con\u00e8ixer moltes m\u00e9s i fer &hellip;<\/p>\n","protected":false},"author":1,"featured_media":0,"parent":0,"menu_order":0,"comment_status":"closed","ping_status":"closed","template":"","meta":{"_mc_calendar":[],"footnotes":""},"class_list":["post-92","page","type-page","status-publish","hentry"],"aioseo_notices":[],"_links":{"self":[{"href":"http:\/\/ateneu24dejuny.cat\/index.php\/wp-json\/wp\/v2\/pages\/92","targetHints":{"allow":["GET"]}}],"collection":[{"href":"http:\/\/ateneu24dejuny.cat\/index.php\/wp-json\/wp\/v2\/pages"}],"about":[{"href":"http:\/\/ateneu24dejuny.cat\/index.php\/wp-json\/wp\/v2\/types\/page"}],"author":[{"embeddable":true,"href":"http:\/\/ateneu24dejuny.cat\/index.php\/wp-json\/wp\/v2\/users\/1"}],"replies":[{"embeddable":true,"href":"http:\/\/ateneu24dejuny.cat\/index.php\/wp-json\/wp\/v2\/comments?post=92"}],"version-history":[{"count":8,"href":"http:\/\/ateneu24dejuny.cat\/index.php\/wp-json\/wp\/v2\/pages\/92\/revisions"}],"predecessor-version":[{"id":888,"href":"http:\/\/ateneu24dejuny.cat\/index.php\/wp-json\/wp\/v2\/pages\/92\/revisions\/888"}],"wp:attachment":[{"href":"http:\/\/ateneu24dejuny.cat\/index.php\/wp-json\/wp\/v2\/media?parent=92"}],"curies":[{"name":"wp","href":"https:\/\/api.w.org\/{rel}","templated":true}]}}

Festival Soterrània

<h4 align="center">Festival Soterrània</h4>
<p>A proposta d’Albert Mestres, s’organitza un festival de música underground, aquella música i autors que no participen dels canals oficials i que es passegen per altres viaranys mig soterrats del panorama cultural. Hem descobert autèntiques joies i també propostes energètiques i brutals. N’esperem conèixer moltes més  i fer noves descobertes!<br />
GRATUÏT AMB TAQUILLA INVERSA</p>
<li><a href="http://ateneu24dejuny.cat/index.php/soterrania_2021/">Edició 2021</a></li>

<p>Festival Soterrània A proposta d’Albert Mestres, s’organitza un festival de música underground, aquella música i autors que no participen dels canals oficials i que es passegen per altres viaranys mig soterrats del panorama cultural. Hem descobert autèntiques joies i també propostes energètiques i brutals. N’esperem conèixer moltes més i fer &hellip;</p>
